p + 1812. Let r be s(-10). Calculate the highest common factor of 783 and r.
27
Let g be 196 + (-3 - -1)*-1. Let i(c) = 139*c + 6327. Let y be i(-45). What is the highest common divisor of g and y?
18
Suppose -44 = -3*s + 2*i, 0 = 33*i - 36*i - 12. Calculate the highest common factor of s and 456.
12
Let k be (-3 - (-6)/(-4))*(-8)/4. Let l be 10*(k/5)/((-3)/(-20)). What is the highest common factor of l and 15?
15
Suppose y = t + 21, 2*y - 3*t + 139 = 186. Suppose -2*m = -0*m - 2528. What is the highest common factor of m and y?
16
Let p(l) = 99*l**3. Let f be p(1). Let d = -141 - -271. Suppose 0 = -g + 141 - d. What is the greatest common factor of g and f?
11
Let s = 524 + -494. What is the greatest common factor of 10290 and s?
30
Let h(f) = f**3 + 1 + 8 - 9*f**2 - 19 - 36*f + 46*f. Let g be h(9). Let q = -25 - -225. Calculate the highest common factor of g and q.
40
Let k(r) = -r**2 + 20*r - 64. Let o be k(9). Let d be 3/((-18)/(-143)) - o/(-210). Let l be d/(-10)*(-180)/24. What is the greatest common divisor of 24 and l?
6
Suppose 0 = 2*v - 5*j - 292, -114*v + 4*j = -117*v + 392. What is the highest common divisor of v and 1887?
17
Suppose -3844 = -4*i + 5*s, -1583 + 600 = -i + 4*s. Calculate the greatest common factor of i and 21.
3
Suppose -2*v + 45 = 35. Suppose -121 = -4*j + 4*b - 9*b, v*b = 25. Calculate the highest common divisor of 108 and j.
12
Let j be (1693 - 1)*(1/2 + (-2)/(-8)). Calculate the highest common factor of 141 and j.
141
Suppose 26 = 2*f - p, -647*f + 652*f + 2*p = 29. Calculate the highest common factor of f and 1413.
9
Suppose 21*t - 24*t + 1746 = 2*n, -n = t - 872. What is the greatest common divisor of n and 1710?
30
Let g(t) = 0*t - 47*t**2 + 17 + 7*t - 48*t**2 + 96*t**2. Let h be g(-8). Calculate the greatest common factor of h and 10.
5
Let i be (4140/(-25))/(-4 + (-54)/(-15)). Calculate the highest common factor of i and 2346.
138
Let h(v) = 2*v**2 + 26*v - 426. Let s be h(27). What is the greatest common divisor of s and 17?
17
Let y(q) = 1074*q - 2858. Let a be y(7). What is the highest common divisor of a and 10?
10
Suppose -j - 104 + 105 = 0, 3*j = 4*x - 97. What is the highest common factor of 5675 and x?
25
Suppose -58438 = -152*d - 35*d + 58250. What is the highest common divisor of d and 1464?
24
Suppose 0 = 5*b + 2*q - 1222, 32*q - 37*q - 1250 = -5*b. Calculate the greatest common factor of 369 and b.
123
Let t = -110 + 185. Suppose -70*q = 50*q - 2481 - 1119. Calculate the highest common factor of q and t.
15
Suppose j + 2*q = -10, -j = -0*j - 4*q - 20. Suppose 0*s - 4*s = j. Let p be (-1 - -1) + s - (-24)/3. What is the highest common factor of p and 40?
8
Suppose 216 = 5*k - 2*k - 5*g, -5*k + g = -360. Suppose -168 = 8*u - 24. Let v(x) = -2*x + 12. Let b be v(u). Calculate the highest common divisor of b and k.
24
Let l = 29 + -13. Let w(t) = 33 + 803*t - 404*t - 396*t. Let d be w(21). What is the highest common divisor of d and l?
16
Let b = -1227 - -1272. What is the greatest common factor of 1185 and b?
15
Suppose -9*g = -8*g - 13. Suppose 5 = 5*m - 5*r, -4*m - r - 4*r + g = 0. Suppose 6*v = m*v + 28. Calculate the highest common divisor of v and 14.
7
Let v be 15/(-3)*-1 - 3. Suppose v*c - 11*c + 270 = 0. Calculate the highest common divisor of 165 and c.
15
Let u(v) = 3*v**2 - 110*v - 42. Let y be u(39). What is the highest common divisor of 264 and y?
33
Let n(b) = 45*b**2 - 74*b + 252. Let c be n(4). What is the highest common divisor of c and 442?
26
Let f be (-2 - 0)/((-54)/(-12123)). Let q = f + 530. What is the highest common divisor of q and 27?
27
Let m = -31 + 27. Let x be (11 + 3 + m)/(0 + 2). Suppose -x*w = 38 - 58. What is the greatest common factor of w and 12?
4
Let o(k) = k**3 - 7*k**2 + 3*k + 3. Let b be o(5). Let n = b - -51. Suppose -p - 3192 = -25*p. Calculate the greatest common factor of n and p.
19
Suppose 147 = 2*r - 5*o, -1639*r - 4*o - 144 = -1641*r. Let b = -65 - -98. Calculate the highest common factor of b and r.
33
Let g = -110 + 112. Let j(s) = 16*s**2 + s**3 + 19*s**2 - 35*s**g - s + 2. Let u be j(0). Calculate the highest common factor of 2 and u.
2
Suppose n - 5*l = 7900, -4*l - 39437 = -24*n + 19*n. Calculate the greatest common factor of n and 5.
5
Suppose 8728*t + 912 = 8747*t. What is the highest common factor of t and 1104?
48
Let h(i) = 2*i**2 + 2*i. Let n(v) = -2*v**2 + 10*v + 10. Let s be n(6). Let l be h(s). Suppose -l*b + 7*b = 84. What is the highest common divisor of b and 4?
4
Suppose -o + 0*o + 3*v - 9 = 0, o + 4*v = 12. Suppose -2*t + 65 + 75 = o. Calculate the greatest common factor of 10 and t.
10
Let y be -1 + 20/(-5)*1. Let z be (16/y)/((-31)/15 - -2). What is the highest common divisor of 528 and z?
48
Suppose -13*u = -106 - 778. Let j be (4 - 5 - 1) + 298. Suppose -115 = 5*q - 3*o - 640, 0 = -3*q - 2*o + j. What is the greatest common divisor of q and u?
34
Let t = 168 - 116. Suppose -150*v + 154*v - 528 = x, 0 = -5*v + 5*x + 690. What is the highest common factor of t and v?
26
Let p(c) be the first derivative of -c**2 + 77*c + 199. Let q be p(-23). Calculate the highest common divisor of q and 41.
41
Suppose l = 2*p - 29 - 9, -5*l - p = 245. Let n = 60 + l. Calculate the greatest common factor of 192 and n.
12
Suppose 56*c + 35*c + 173 = 1811. What is the highest common factor of c and 4734?
18
Let z(u) = -3*u + 3. Let p(d) = -2*d**2 + 7*d + 3. Let b be p(4). Let i be z(b). Suppose -i + 9 = 3*s. What is the highest common factor of 11 and s?
1
Let p = 120 - 40. Suppose 3*u - 112 = -n, -2*u - 294 - 98 = -4*n. What is the greatest common factor of p and n?
20
Let u(f) = -f**2 - 53*f - 489. Let j be u(-12). Let i be 8/12 - 194/(-6). Calculate the greatest common factor of j and i.
3
Let m(r) = r**3 + 17*r**2 - 4*r + 52. Let y be m(-17). Let b be (y - 2) + (3 - 0). What is the greatest common factor of 11 and b?
11
Let q = -74977 + 75023. Suppose -4*y + 2022 = -370. What is the highest common factor of q and y?
46
Let v be 6*(5/3 - 0). Suppose -44 = 8*u + 92. Let m be (13 - 3)/(-5) - u. Calculate the greatest common factor of v and m.
5
Let j = 8175 + -5032. Calculate the highest common divisor of j and 7.
7
Suppose 2*u + 60 = -3*u. Let j = 33 + u. Suppose 0 = 9*d + 622 - 649. What is the greatest common factor of d and j?
3
Suppose 0*u = -8*u + 32. Let f be (-4)/6*6 + 9. Let i be (-1 + 21/15)*u*f. Calculate the highest common factor of i and 4.
4
Let o = -4230 + 4410. What is the highest common divisor of 804 and o?
12
Let i(l) = -287*l + 308. Let m be i(1). Suppose 0 = 4*u + 34 - 202. What is the highest common factor of m and u?
21
Let s be -12 + (-10)/5 - -35. Suppose -n - 504 = -4*n. Calculate the greatest common factor of s and n.
21
Suppose -4*r = -3*v + 41, -201*v - r = -198*v - 31. What is the greatest common divisor of v and 6776?
11
Let p(c) = -c**3 + 17*c**2 + 14*c - 6. Let i be p(17). Let l = i + -223. What is the highest common factor of 12 and l?
3
Let g be (68/16*-6)/(6/(-4)). Suppose g*m - 16368 = -5352. What is the greatest common factor of 6 and m?
6
Let v be 21 + 17 + 270/(-15). What is the greatest common factor of 372 and v?
4
Suppose 105*o = 50 + 14650. Let i be (-1)/3 + 340/12. What is the greatest common divisor of o and i?
28
Suppose 2*d - d = 5*n - 10, 3*n + 11 = 4*d. Let p(q) = 3 - 8 + 0 - 9 - 7*q. Let u be p(-5). What is the highest common factor of u and n?
3
Let u(w) = -w**3 - w - 6. Let q be u(0). Let n(k) = k + 2. Let r be n(q). Let l be 50/r*(-8 - -7)*6. Calculate the highest common factor of 30 and l.
15
Let q = -82 - -142. Let w(r) = -87*r + 60. Let p be w(0). What is the highest common factor of q and p?
60
Let z(w) be the first derivative of -2*w**3/3 - 51*w**2/2 + 17*w + 223. Let d be z(-23). What is the highest common divisor of d and 48?
12
Let x(q) = -163*q**3 + 9*q**2 - q - 2. Let t be x(-1). Calculate the greatest common divisor of 285 and t.
57
Suppose 14*f + 83336 = -11*f + 80661. Let y = 113 - 212. Let u = y - f. What is the highest common divisor of u and 12?
4
Let a(c) = c**2 + 12*c + 15. Let k be a(-12). Let b = -382 - -392. Calculate the greatest common divisor of b and k.
5
Let b be 454540/100 + (-63)/45. What is the greatest common factor of b and 71?
71
Let x be (-3015)/(-134)*12/(